{"id":9,"date":"2025-12-26T17:18:23","date_gmt":"2025-12-26T17:18:23","guid":{"rendered":"https:\/\/elbancal.es\/?page_id=9"},"modified":"2026-02-02T14:03:47","modified_gmt":"2026-02-02T14:03:47","slug":"el-bancal-de-torre-la-sal","status":"publish","type":"page","link":"https:\/\/elbancal.es\/","title":{"rendered":"Inicio"},"content":{"rendered":"\t\t<div data-elementor-type=\"wp-page\" data-elementor-id=\"9\" class=\"elementor elementor-9\">\n\t\t\t\t<div class=\"elementor-element elementor-element-bd624d7 e-grid e-con-boxed e-con e-parent\" data-id=\"bd624d7\" data-element_type=\"container\" data-e-type=\"container\">\n\t\t\t\t\t<div class=\"e-con-inner\">\n\t\t\t\t<div class=\"elementor-element elementor-element-04f5f10 elementor-widget__width-inherit elementor-widget elementor-widget-image\" data-id=\"04f5f10\" data-element_type=\"widget\" data-e-type=\"widget\" data-widget_type=\"image.default\">\n\t\t\t\t\t\t\t\t\t\t\t\t\t\t\t<img fetchpriority=\"high\" decoding=\"async\" width=\"238\" height=\"250\" src=\"https:\/\/elbancal.es\/wp-content\/uploads\/2025\/12\/cropped-Logo-Web.png\" class=\"attachment-full size-full wp-image-52\" alt=\"\" \/>\t\t\t\t\t\t\t\t\t\t\t\t\t\t\t<\/div>\n\t\t\t\t<div class=\"elementor-element elementor-element-6e404c3 elementor-widget elementor-widget-image\" data-id=\"6e404c3\" data-element_type=\"widget\" data-e-type=\"widget\" data-widget_type=\"image.default\">\n\t\t\t\t\t\t\t\t\t\t\t\t\t\t\t<img decoding=\"async\" width=\"750\" height=\"478\" src=\"https:\/\/elbancal.es\/wp-content\/uploads\/2025\/12\/cropped-TLS001-1024x653.webp\" class=\"attachment-large size-large wp-image-25\" alt=\"\" srcset=\"https:\/\/elbancal.es\/wp-content\/uploads\/2025\/12\/cropped-TLS001-1024x653.webp 1024w, https:\/\/elbancal.es\/wp-content\/uploads\/2025\/12\/cropped-TLS001-300x191.webp 300w, https:\/\/elbancal.es\/wp-content\/uploads\/2025\/12\/cropped-TLS001-768x490.webp 768w, https:\/\/elbancal.es\/wp-content\/uploads\/2025\/12\/cropped-TLS001-1536x979.webp 1536w, https:\/\/elbancal.es\/wp-content\/uploads\/2025\/12\/cropped-TLS001.webp 2000w\" sizes=\"(max-width: 750px) 100vw, 750px\" \/>\t\t\t\t\t\t\t\t\t\t\t\t\t\t\t<\/div>\n\t\t\t\t\t<\/div>\n\t\t\t\t<\/div>\n\t\t<div class=\"elementor-element elementor-element-9dde6a0 e-flex e-con-boxed e-con e-parent\" data-id=\"9dde6a0\" data-element_type=\"container\" data-e-type=\"container\">\n\t\t\t\t\t<div class=\"e-con-inner\">\n\t\t\t\t<div class=\"elementor-element elementor-element-905a9ec elementor-widget-divider--view-line elementor-widget elementor-widget-divider\" data-id=\"905a9ec\" data-element_type=\"widget\" data-e-type=\"widget\" data-widget_type=\"divider.default\">\n\t\t\t\t\t\t\t<div class=\"elementor-divider\">\n\t\t\t<span class=\"elementor-divider-separator\">\n\t\t\t\t\t\t<\/span>\n\t\t<\/div>\n\t\t\t\t\t\t<\/div>\n\t\t\t\t\t<\/div>\n\t\t\t\t<\/div>\n\t\t<div class=\"elementor-element elementor-element-0e76005 e-flex e-con-boxed e-con e-parent\" data-id=\"0e76005\" data-element_type=\"container\" data-e-type=\"container\">\n\t\t\t\t\t<div class=\"e-con-inner\">\n\t\t\t\t<div class=\"elementor-element elementor-element-d31a781 elementor-grid-1 elementor-grid-tablet-2 elementor-grid-mobile-1 elementor-widget elementor-widget-elementor-blog-posts\" data-id=\"d31a781\" data-element_type=\"widget\" data-e-type=\"widget\" data-settings=\"{&quot;columns&quot;:&quot;1&quot;,&quot;columns_tablet&quot;:&quot;2&quot;,&quot;columns_mobile&quot;:&quot;1&quot;}\" data-widget_type=\"elementor-blog-posts.default\">\n\t\t\t\t<div class=\"elementor-widget-container\">\n\t\t\t\t\t\t\t<div class=\"wpcap-grid\">\n\t\t\t\t\t\t<div class=\"wpcap-grid-container elementor-grid wpcap-grid-desktop-1 wpcap-grid-tablet-2 wpcap-grid-mobile-1\">\n\n\t\t\t\t\n        <article id=\"post-225\" class=\"wpcap-post post-225 post type-post status-publish format-standard has-post-thumbnail hentry category-uncategorized\">\n         \n            <div class=\"post-grid-inner\">\n            \t\n                \t\t<h3 class=\"title\">\n\t\t\t<a href=\"https:\/\/elbancal.es\/?p=225\">Primer pasito<\/a>\n\t\t<\/h3>\n\t\t                \n                \t\t<div class=\"post-grid-meta\">\n\t\t\t\n\t\t\t\t<span class=\"post-date\"><time datetime=\"2026-02-20T17:33:45+00:00\">febrero 20, 2026<\/time><\/span>\n\n\t\t\t\t\n\t\t\t\t<span class=\"post-comments\">No hay comentarios<\/span>\n\n\t\t\t\t\t\t<\/div>\n\t\t            \t\n                \t\t\t<div class=\"post-grid-thumbnail\">\n\t\t\t\t<a href=\"https:\/\/elbancal.es\/?p=225\">\n\t\t\t\t\t<img decoding=\"async\" width=\"750\" height=\"422\" src=\"https:\/\/elbancal.es\/wp-content\/uploads\/2026\/02\/WhatsApp-Image-2026-02-20-at-18.29.37-768x432.jpeg\" class=\"attachment-medium_large size-medium_large wp-post-image\" alt=\"\" srcset=\"https:\/\/elbancal.es\/wp-content\/uploads\/2026\/02\/WhatsApp-Image-2026-02-20-at-18.29.37-768x432.jpeg 768w, https:\/\/elbancal.es\/wp-content\/uploads\/2026\/02\/WhatsApp-Image-2026-02-20-at-18.29.37-300x169.jpeg 300w, https:\/\/elbancal.es\/wp-content\/uploads\/2026\/02\/WhatsApp-Image-2026-02-20-at-18.29.37-1024x577.jpeg 1024w, https:\/\/elbancal.es\/wp-content\/uploads\/2026\/02\/WhatsApp-Image-2026-02-20-at-18.29.37-1536x865.jpeg 1536w, https:\/\/elbancal.es\/wp-content\/uploads\/2026\/02\/WhatsApp-Image-2026-02-20-at-18.29.37.jpeg 2000w\" sizes=\"(max-width: 750px) 100vw, 750px\" \/>\t\t\t\t<\/a>\n\t\t\t<\/div>\n        \n                <div class=\"post-grid-text-wrap\">\n\t                \t\t<div class=\"post-grid-excerpt\">\n\t\t\t<p>\u00a1Avanzamos! Ya falta algo menos. Nos hemos pasado toda la ma\u00f1ana pegando cinta de carrocero por el suelo para ver c\u00f3mo podr\u00eda ser la divisi\u00f3n de las zonas de trabajo. Os dejo el primer borrador&#8230;. Todav\u00eda no se ve bien&hellip;<\/p>\n\t\t<\/div>\n\t\t\t                \t\t<a class=\"read-more-btn\" href=\"https:\/\/elbancal.es\/?p=225\">Quiero leer m\u00e1s \u00bb<\/a>\n\t\t                <\/div>\n\n            <\/div><!-- .blog-inner -->\n           \n        <\/article>\n\n        \n        <article id=\"post-1\" class=\"wpcap-post post-1 post type-post status-publish format-standard has-post-thumbnail hentry category-los-inicios\">\n         \n            <div class=\"post-grid-inner\">\n            \t\n                \t\t<h3 class=\"title\">\n\t\t\t<a href=\"https:\/\/elbancal.es\/?p=1\">EMPEZAMOS<\/a>\n\t\t<\/h3>\n\t\t                \n                \t\t<div class=\"post-grid-meta\">\n\t\t\t\n\t\t\t\t<span class=\"post-date\"><time datetime=\"2026-01-31T13:37:35+00:00\">enero 31, 2026<\/time><\/span>\n\n\t\t\t\t\n\t\t\t\t<span class=\"post-comments\">No hay comentarios<\/span>\n\n\t\t\t\t\t\t<\/div>\n\t\t            \t\n                \t\t\t<div class=\"post-grid-thumbnail\">\n\t\t\t\t<a href=\"https:\/\/elbancal.es\/?p=1\">\n\t\t\t\t\t<img loading=\"lazy\" decoding=\"async\" width=\"750\" height=\"317\" src=\"https:\/\/elbancal.es\/wp-content\/uploads\/2025\/12\/Frente-localweb-768x325.jpeg\" class=\"attachment-medium_large size-medium_large wp-post-image\" alt=\"\" srcset=\"https:\/\/elbancal.es\/wp-content\/uploads\/2025\/12\/Frente-localweb-768x325.jpeg 768w, https:\/\/elbancal.es\/wp-content\/uploads\/2025\/12\/Frente-localweb-300x127.jpeg 300w, https:\/\/elbancal.es\/wp-content\/uploads\/2025\/12\/Frente-localweb-1024x434.jpeg 1024w, https:\/\/elbancal.es\/wp-content\/uploads\/2025\/12\/Frente-localweb.jpeg 1319w\" sizes=\"(max-width: 750px) 100vw, 750px\" \/>\t\t\t\t<\/a>\n\t\t\t<\/div>\n        \n                <div class=\"post-grid-text-wrap\">\n\t                \t\t<div class=\"post-grid-excerpt\">\n\t\t\t<p>Muchas vueltas antes de tomar la decisi\u00f3n. No es f\u00e1cil arrancar un negocio nuevo tal y como est\u00e1n las cosas por el mundo. Pero todas las vueltas nos llevaban al mismo final: Tenemos que hacerlo. Y ya tenemos el local.&hellip;<\/p>\n\t\t<\/div>\n\t\t\t                \t\t<a class=\"read-more-btn\" href=\"https:\/\/elbancal.es\/?p=1\">Quiero leer m\u00e1s \u00bb<\/a>\n\t\t                <\/div>\n\n            <\/div><!-- .blog-inner -->\n           \n        <\/article>\n\n        \n\t\t\t<\/div>\n\t\t<\/div>\n\t\t\t\t\t\t<\/div>\n\t\t\t\t<\/div>\n\t\t\t\t\t<\/div>\n\t\t\t\t<\/div>\n\t\t<div class=\"elementor-element elementor-element-166e24e e-flex e-con-boxed e-con e-parent\" data-id=\"166e24e\" data-element_type=\"container\" data-e-type=\"container\">\n\t\t\t\t\t<div class=\"e-con-inner\">\n\t\t\t\t<div class=\"elementor-element elementor-element-2b70261 elementor-widget-divider--view-line elementor-widget elementor-widget-divider\" data-id=\"2b70261\" data-element_type=\"widget\" data-e-type=\"widget\" data-widget_type=\"divider.default\">\n\t\t\t\t\t\t\t<div class=\"elementor-divider\">\n\t\t\t<span class=\"elementor-divider-separator\">\n\t\t\t\t\t\t<\/span>\n\t\t<\/div>\n\t\t\t\t\t\t<\/div>\n\t\t\t\t\t<\/div>\n\t\t\t\t<\/div>\n\t\t<div class=\"elementor-element elementor-element-6cbcb49 e-flex e-con-boxed e-con e-parent\" data-id=\"6cbcb49\" data-element_type=\"container\" data-e-type=\"container\">\n\t\t\t\t\t<div class=\"e-con-inner\">\n\t\t<div class=\"elementor-element elementor-element-ce4bacd e-con-full e-flex e-con e-child\" data-id=\"ce4bacd\" data-element_type=\"container\" data-e-type=\"container\">\n\t\t\t\t<div class=\"elementor-element elementor-element-3333245 elementor-widget elementor-widget-image\" data-id=\"3333245\" data-element_type=\"widget\" data-e-type=\"widget\" data-widget_type=\"image.default\">\n\t\t\t\t\t\t\t\t\t\t\t\t\t\t\t<img loading=\"lazy\" decoding=\"async\" width=\"286\" height=\"300\" src=\"https:\/\/elbancal.es\/wp-content\/uploads\/2025\/12\/Logo-Web-286x300.png\" class=\"attachment-medium size-medium wp-image-51\" alt=\"\" srcset=\"https:\/\/elbancal.es\/wp-content\/uploads\/2025\/12\/Logo-Web-286x300.png 286w, https:\/\/elbancal.es\/wp-content\/uploads\/2025\/12\/Logo-Web-977x1024.png 977w, https:\/\/elbancal.es\/wp-content\/uploads\/2025\/12\/Logo-Web-768x805.png 768w, https:\/\/elbancal.es\/wp-content\/uploads\/2025\/12\/Logo-Web.png 992w\" sizes=\"(max-width: 286px) 100vw, 286px\" \/>\t\t\t\t\t\t\t\t\t\t\t\t\t\t\t<\/div>\n\t\t\t\t<\/div>\n\t\t\t\t<div class=\"elementor-element elementor-element-b45e3e0 elementor-widget__width-initial elementor-widget elementor-widget-text-editor\" data-id=\"b45e3e0\" data-element_type=\"widget\" data-e-type=\"widget\" data-widget_type=\"text-editor.default\">\n\t\t\t\t\t\t\t\t\t<p>El Bancal de Torre la Sal<\/p><p>Direcci\u00f3n:<\/p><p>Tfno.:<\/p><p>URL.: <a href=\"http:\/\/elbancal.es\">elbancal.es<\/a><\/p>\t\t\t\t\t\t\t\t<\/div>\n\t\t<div class=\"elementor-element elementor-element-3de5725 e-con-full e-flex e-con e-child\" data-id=\"3de5725\" data-element_type=\"container\" data-e-type=\"container\">\n\t\t\t\t<div class=\"elementor-element elementor-element-59f865b elementor-shape-rounded elementor-grid-0 e-grid-align-center elementor-widget elementor-widget-social-icons\" data-id=\"59f865b\" data-element_type=\"widget\" data-e-type=\"widget\" data-widget_type=\"social-icons.default\">\n\t\t\t\t\t\t\t<div class=\"elementor-social-icons-wrapper elementor-grid\" role=\"list\">\n\t\t\t\t\t\t\t<span class=\"elementor-grid-item\" role=\"listitem\">\n\t\t\t\t\t<a class=\"elementor-icon elementor-social-icon elementor-social-icon-facebook elementor-repeater-item-72e222d\" href=\"https:\/\/www.facebook.com\/profile.php?id=61587459597221\" target=\"_blank\">\n\t\t\t\t\t\t<span class=\"elementor-screen-only\">Facebook<\/span>\n\t\t\t\t\t\t<svg aria-hidden=\"true\" class=\"e-font-icon-svg e-fab-facebook\" viewBox=\"0 0 512 512\" xmlns=\"http:\/\/www.w3.org\/2000\/svg\"><path d=\"M504 256C504 119 393 8 256 8S8 119 8 256c0 123.78 90.69 226.38 209.25 245V327.69h-63V256h63v-54.64c0-62.15 37-96.48 93.67-96.48 27.14 0 55.52 4.84 55.52 4.84v61h-31.28c-30.8 0-40.41 19.12-40.41 38.73V256h68.78l-11 71.69h-57.78V501C413.31 482.38 504 379.78 504 256z\"><\/path><\/svg>\t\t\t\t\t<\/a>\n\t\t\t\t<\/span>\n\t\t\t\t\t\t\t<span class=\"elementor-grid-item\" role=\"listitem\">\n\t\t\t\t\t<a class=\"elementor-icon elementor-social-icon elementor-social-icon-instagram elementor-repeater-item-4c227e7\" href=\"https:\/\/www.instagram.com\/elbancaldetorrelasal\/\" target=\"_blank\">\n\t\t\t\t\t\t<span class=\"elementor-screen-only\">Instagram<\/span>\n\t\t\t\t\t\t<svg aria-hidden=\"true\" class=\"e-font-icon-svg e-fab-instagram\" viewBox=\"0 0 448 512\" xmlns=\"http:\/\/www.w3.org\/2000\/svg\"><path d=\"M224.1 141c-63.6 0-114.9 51.3-114.9 114.9s51.3 114.9 114.9 114.9S339 319.5 339 255.9 287.7 141 224.1 141zm0 189.6c-41.1 0-74.7-33.5-74.7-74.7s33.5-74.7 74.7-74.7 74.7 33.5 74.7 74.7-33.6 74.7-74.7 74.7zm146.4-194.3c0 14.9-12 26.8-26.8 26.8-14.9 0-26.8-12-26.8-26.8s12-26.8 26.8-26.8 26.8 12 26.8 26.8zm76.1 27.2c-1.7-35.9-9.9-67.7-36.2-93.9-26.2-26.2-58-34.4-93.9-36.2-37-2.1-147.9-2.1-184.9 0-35.8 1.7-67.6 9.9-93.9 36.1s-34.4 58-36.2 93.9c-2.1 37-2.1 147.9 0 184.9 1.7 35.9 9.9 67.7 36.2 93.9s58 34.4 93.9 36.2c37 2.1 147.9 2.1 184.9 0 35.9-1.7 67.7-9.9 93.9-36.2 26.2-26.2 34.4-58 36.2-93.9 2.1-37 2.1-147.8 0-184.8zM398.8 388c-7.8 19.6-22.9 34.7-42.6 42.6-29.5 11.7-99.5 9-132.1 9s-102.7 2.6-132.1-9c-19.6-7.8-34.7-22.9-42.6-42.6-11.7-29.5-9-99.5-9-132.1s-2.6-102.7 9-132.1c7.8-19.6 22.9-34.7 42.6-42.6 29.5-11.7 99.5-9 132.1-9s102.7-2.6 132.1 9c19.6 7.8 34.7 22.9 42.6 42.6 11.7 29.5 9 99.5 9 132.1s2.7 102.7-9 132.1z\"><\/path><\/svg>\t\t\t\t\t<\/a>\n\t\t\t\t<\/span>\n\t\t\t\t\t<\/div>\n\t\t\t\t\t\t<\/div>\n\t\t\t\t<\/div>\n\t\t<div class=\"elementor-element elementor-element-b30e904 e-con-full e-flex e-con e-child\" data-id=\"b30e904\" data-element_type=\"container\" data-e-type=\"container\">\n\t\t\t\t<\/div>\n\t\t<div class=\"elementor-element elementor-element-17acf40 e-con-full e-flex e-con e-child\" data-id=\"17acf40\" data-element_type=\"container\" data-e-type=\"container\">\n\t\t\t\t<\/div>\n\t\t\t\t\t<\/div>\n\t\t\t\t<\/div>\n\t\t\t\t<\/div>\n\t\t","protected":false},"excerpt":{"rendered":"<p>EMPEZAMOS enero 31, 2026 No hay comentarios Muchas vueltas antes de tomar la decisi\u00f3n. No es f\u00e1cil arrancar un negocio nuevo tal y como est\u00e1n las cosas por el mundo. Pero todas las vueltas nos llevaban al mismo final: Tenemos<\/p>\n","protected":false},"author":1,"featured_media":0,"parent":0,"menu_order":0,"comment_status":"closed","ping_status":"closed","template":"","meta":{"footnotes":""},"class_list":["post-9","page","type-page","status-publish","hentry"],"_links":{"self":[{"href":"https:\/\/elbancal.es\/index.php?rest_route=\/wp\/v2\/pages\/9","targetHints":{"allow":["GET"]}}],"collection":[{"href":"https:\/\/elbancal.es\/index.php?rest_route=\/wp\/v2\/pages"}],"about":[{"href":"https:\/\/elbancal.es\/index.php?rest_route=\/wp\/v2\/types\/page"}],"author":[{"embeddable":true,"href":"https:\/\/elbancal.es\/index.php?rest_route=\/wp\/v2\/users\/1"}],"replies":[{"embeddable":true,"href":"https:\/\/elbancal.es\/index.php?rest_route=%2Fwp%2Fv2%2Fcomments&post=9"}],"version-history":[{"count":99,"href":"https:\/\/elbancal.es\/index.php?rest_route=\/wp\/v2\/pages\/9\/revisions"}],"predecessor-version":[{"id":211,"href":"https:\/\/elbancal.es\/index.php?rest_route=\/wp\/v2\/pages\/9\/revisions\/211"}],"wp:attachment":[{"href":"https:\/\/elbancal.es\/index.php?rest_route=%2Fwp%2Fv2%2Fmedia&parent=9"}],"curies":[{"name":"wp","href":"https:\/\/api.w.org\/{rel}","templated":true}]}}